he remainder when 79494674 is divided by 668.
2
What is the remainder when 2885373 is divided by 3150?
3123
Calculate the remainder when 346498 is divided by 354.
286
Calculate the remainder when 20729615 is divided by 7153.
221
Calculate the remainder when 151878 is divided by 795.
33
What is the remainder when 5140200 is divided by 5140180?
20
What is the remainder when 80738199 is divided by 58?
53
What is the remainder when 6295209 is divided by 411?
333
Calculate the remainder when 1333263 is divided by 222178.
195
What is the remainder when 533002 is divided by 23168?
138
What is the remainder when 100983970 is divided by 72860?
10
What is the remainder when 62467846 is divided by 686?
0
What is the remainder when 32064 is divided by 26903?
5161
Calculate the remainder when 2163218 is divided by 665.
638
What is the remainder when 93628 is divided by 21537?
7480
What is the remainder when 73690259 is divided by 1983?
1979
What is the remainder when 15673598 is divided by 2449?
2447
Calculate the remainder when 360155 is divided by 2740.
1215
Calculate the remainder when 522541 is divided by 8709.
1
What is the remainder when 114427 is divided by 6?
1
What is the remainder when 70977 is divided by 5410?
647
Calculate the remainder when 206495 is divided by 205492.
1003
What is the remainder when 13968067 is divided by 237?
235
Calculate the remainder when 6376783 is divided by 335616.
79
Calculate the remainder when 2785968 is divided by 817.
815
What is the remainder when 197166263 is divided by 946?
943
Calculate the remainder when 55238798 is divided by 10.
8
What is the remainder when 651692 is divided by 93086?
90
Calculate the remainder when 1771944 is divided by 43216.
88
What is the remainder when 47945 is divided by 13890?
6275
What is the remainder when 15371467 is divided by 36862?
13
What is the remainder when 130239 is divided by 14370?
909
Calculate the remainder when 40368465 is divided by 3061.
3058
What is the remainder when 70673157 is divided by 4237?
4234
Calculate the remainder when 21001655 is divided by 78.
77
What is the remainder when 3439501 is divided by 6416?
525
Calculate the remainder when 1171116 is divided by 40.
36
What is the remainder when 10917591 is divided by 484?
3
What is the remainder when 8198917 is divided by 147?
139
Calculate the remainder when 165270 is divided by 83.
17
Calculate the remainder when 7008711 is divided by 436.
11
What is the remainder when 47674801 is divided by 1640?
1
Calculate the remainder when 6426533 is divided by 228.
125
What is the remainder when 281962 is divided by 23492?
58
Calculate the remainder when 125176 is divided by 125079.
97
Calculate the remainder when 515336 is divided by 125.
86
Calculate the remainder when 13725249 is divided by 333.
321
What is the remainder when 233503 is divided by 38882?
211
What is the remainder when 2205110 is divided by 1177?
589
Calculate the remainder when 1105684 is divided by 1052.
32
What is the remainder when 5290385 is divided by 45?
5
What is the remainder when 406855 is divided by 135614?
13
What is the remainder when 22847 is divided by 10780?
1287
Calculate the remainder when 1025211870 is divided by 777.
774
What is the remainder when 7008760 is divided by 64?
56
Calculate the remainder when 156384 is divided by 447.
381
What is the remainder when 11994 is divided by 702?
60
Calculate the remainder when 20936417 is divided by 255322.
13
Calculate the remainder when 63590 is divided by 4938.
4334
Calculate the remainder when 1292392 is divided by 645893.
606
What is the remainder when 11314722 is divided by 3771572?
6
Calculate the remainder when 5437717 is divided by 39983.
29
What is the remainder when 70175 is divided by 1495?
1405
Calculate the remainder when 95204 is divided by 7168.
2020
Calculate the remainder when 213967 is divided by 70895.
1282
What is the remainder when 403278 is divided by 9595?
288
What is the remainder when 635767 is divided by 211915?
22
Calculate the remainder when 76680 is divided by 4538.
4072
What is the remainder when 2565916 is divided by 505?
11
Calculate the remainder when 14631017 is divided by 13.
11
What is the remainder when 15122 is divided by 128?
18
What is the remainder when 3596498 is divided by 125?
123
Calculate the remainder when 127313845 is divided by 41.
30
What is the remainder when 1292621 is divided by 4266?
23
Calculate the remainder when 29621 is divided by 525.
221
Calculate the remainder when 13338702 is divided by 92.
82
Calculate the remainder when 14491718 is divided by 1656.
62
Calculate the remainder when 529393 is divided by 1539.
1516
What is the remainder when 220129 is divided by 2683?
123
Calculate the remainder when 150102 is divided by 1911.
1044
What is the remainder when 172463 is divided by 1034?
819
What is the remainder when 7260681 is divided by 302?
299
What is the remainder when 47146162 is divided by 23?
3
What is the remainder when 403072 is divided by 65?
7
What is the remainder when 72206 is divided by 71159?
1047
What is the remainder when 242505 is divided by 327?
198
What is the remainder when 50481888 is divided by 9?
6
Calculate the remainder when 8058705 is divided by 71.
63
What is the remainder when 3442042 is divided by 1118?
838
What is the remainder when 150469 is divided by 150469?
0
What is the remainder when 21587115 is divided by 21587096?
19
Calculate the remainder when 855046 is divided by 2560.
6
Calculate the remainder when 20849341 is divided by 147.
37
Calculate the remainder when 4026070 is divided by 68.
62
Calculate the remainder when 9340830 is divided by 745.
20
Calculate the remainder when 734688 is divided by 9299.
67
What is the remainder when 3864534 is divided by 78?
24
Calculate the remainder when 2780787 is divided by 56.
51
What is the remainder when 7703892 is divided by 3497?
1
Calculate the remainder when 4487800 is divided by 1884.
112
What is the remainder when 259042 is divided by 6410?
2642
What is the remainder when 458172 is divided by 152671?
159
Calculate the remainder when 662006 is divided by 2129.
2016
What is the remainder when 3016995 is divided by 143663?
72
Calculate the remainder when 100234 is divided by 7663.
615
What is the remainder when 417940 is divided by 83561?
135
Calculate the remainder when 3424417 is divided by 2682.
2185
Calculate the remainder when 3406505 is divided by 15.
5
What is the remainder when 10053183 is divided by 2366?
49
What is the remainder when 61702 is divided by 1185?
82
What is the remainder when 123868 is divided by 2066?
1974
What is the remainder when 23459706 is divided by 61574?
12
Calculate the remainder when 9418944 is divided by 225.
219
What is the remainder when 98776 is divided by 1491?
370
Calculate the remainder when 43657816 is divided by 4365781.
6
Calculate the remainder when 1157362 is divided by 289289.
206
Calculate the remainder when 1023262 is divided by 1023257.
5
What is the remainder when 1012235 is divided by 506100?
35
Calculate the remainder when 11280222 is divided by 200.
22
Calculate the remainder when 528018 is divided by 29333.
24
Calculate the remainder when 710914 is divided by 50.
14
What is the remainder when 7822 is divided by 6634?
1188
Calculate the remainder when 360214 is divided by 694.
28
Calculate the remainder when 16366908 is divided by 710.
698
What is the remainder when 20463 is divided by 66?
3
What is the remainder when 56955818 is divided by 4441?
4434
Calculate the remainder when 36327958 is divided by 72.
70
What is the remainder when 10148 is divided by 1838?
958
What is the remainder when 286429 is divided by 498?
79
What is the remainder when 3215025 is divided by 408?
393
What is the remainder when 51157015 is divided by 129?
1
Calculate the remainder when 391701 is divided by 4167.
3
What is the remainder when 1348499349 is divided by 38?
37
Calculate the remainder when 847638 is divided by 84588.
1758
What is the remainder when 628096 is divided by 473?
425
Calculate the remainder when 158607 is divided by 11327.
29
What is the remainder when 1075795 is divided by 54?
7
What is the remainder when 1441681 is divided by 41?
39
What is the remainder when 7369066 is divided by 2456294?
184
W